 + -9 - (-7 - 4)?
5
3 + 5 + -2 + (0 - 3)
3
Evaluate 1 + -3 - 0 - -1 - -4.
3
Calculate 6 - ((-3 - -2) + 5).
2
What is the value of 1 + 6 + 3 + -2 + -7?
1
Evaluate (-6 - 0) + -12 + 22.
4
Evaluate 4 + -7 - (-3 + -1).
1
What is the value of -1 + 5 + -5 + -4?
-5
(-2 - -1) + -1 - (-2 + 3)
-3
What is the value of (15 - (-3 - -14)) + -6?
-2
0 - 9 - -6 - (-8 + 0)
5
What is the value of 4 + 9 - 4 - 7?
2
Calculate -10 - -16 - (6 + -2) - -1.
3
What is the value of -10 + 1 + (4 - -2)?
-3
15 + -14 + (1 - -3)
5
Calculate 1 + -1 + -13 + 0 + 12.
-1
Calculate 0 + 3 + 14 + -16.
1
(-3 - (3 - 1)) + 8 + 1
4
Evaluate (5 + -6 - 4) + 2.
-3
Calculate (-1 - (1 - (8 + -4))) + -4.
-2
What is the value of (1 - 4) + (-2 - 1)?
-6
Evaluate 5 - (2 - 0 - -2).
1
What is the value of 1 + -2 + -1 + 2 - 6?
-6
What is the value of -11 + 8 + 1 + 3 + 2?
3
What is 50 + -54 - (-1 - 0)?
-3
-6 - -3 - (-8 - (9 + -23))
-9
What is 7 + -1 + -11 + 6?
1
What is the value of -2 + (-1 - -6) + (0 - -2)?
5
(8 - (1 + 5)) + -5
-3
Calculate -5 + (-2 - (2 + -6) - 1).
-4
(3 - (0 - -5)) + 2 - -1
1
What is -17 - -21 - (1 - -6)?
-3
4 - (1 - 4) - 7
0
(-2 + 3 - 0) + -2
-1
What is 8 - (16 - 2 - 10)?
4
Evaluate -4 - (-8 + 3 + 0 - -1).
0
What is the value of -4 - 0 - (-4 + 1 - 1)?
0
Evaluate 10 + 0 - (9 + -8 - -4).
5
Calculate -2 + -5 + 2 + -4 - -6.
-3
What is 4 - (-4 - (5 + -10))?
3
Calculate 0 - (-9 + -1 - -5 - -2).
3
What is the value of -14 - (3 + -10) - -7?
0
Evaluate 4 + 1 + -3 - (3 - 5).
4
What is the value of 2 + (5 - (-2 - -8)) + 3?
4
What is the value of -5 + (-5 - (3 - 12) - 4)?
-5
Calculate (5 - 1) + 33 + -34 - 13.
-10
(0 - (3 + -2) - 5) + 1
-5
What is the value of -1 - (6 + -8) - (-5 - -3)?
3
What is (-6 - 3) + 8 + 6?
5
What is -10 - (6 + -15) - -7?
6
Evaluate 1 - -1 - (3 + 1).
-2
What is the value of (-20 - -23) + (-8 - -1)?
-4
Evaluate (-4 - -4 - -2) + -3.
-1
7 + -6 - (3 + -9 - -2)
5
Calculate 12 + -4 + -8 + 6 + -2.
4
0 - 6 - (35 - 43)
2
What is (16 - 6) + (-2 - 2) + 1?
7
Calculate -4 + (-2 - -2) + (1 - -1).
-2
What is 12 - 8 - 6 - -8?
6
What is (0 - 7) + (-65 - -67)?
-5
(1 - -4) + -16 + 11
0
-1 + 1 - (11 - 10 - 0)
-1
What is the value of 24 + -28 - (1 + -3)?
-2
Calculate 1 + -8 + (-3 - -13) + 5.
8
Evaluate -5 - -2 - (7 + -12).
2
What is -14 + -1 + (-60 - -74)?
-1
What is 6 - (14 + -3 + 3) - -1?
-7
Evaluate 0 + -1 - ((-17 - -10) + 4).
2
What is -1 + -6 - (-30 + 28)?
-5
2 + 9 + -1 + -7 - 4
-1
(-4 - 2) + (1 - -6)
1
What is 0 + -6 + -2 + 13 + -8?
-3
Evaluate -7 + 8 + 0 + (0 - -3).
4
What is the value of 0 + -3 + (-1 - (2 + -4))?
-2
6 + (-9 - (-11 - -2))
6
Evaluate 2 + -2 - 3 - (11 - 17).
3
Calculate 1 + 2 + -9 + 2.
-4
What is 2 + (3 - -1) + -5?
1
What is the value of (5 - 1) + (-3 - -2) + 2?
5
Calculate (-1 - (1 - 0)) + -12 + 4.
-10
Evaluate 13 + 4 + (-6 - 0 - 2).
9
What is the value of 7 - 22 - -7 - -2?
-6
Calculate -5 - (-2 + 2 - -6 - 12).
1
What is -8 + (-2 - -2) + 5?
-3
(6 - 1) + (3 - 6)
2
Evaluate 9 + (-4 - (-4 + -5 + 6)).
8
6 - (5 + -11 + 7)
5
-3 - (-11 + (4 - 0) + 0)
4
4 + (0 - -3 - 7) + 7
7
What is 6 - -1 - (9 + 4 - 8)?
2
What is the value of 8 + (3 - 7) + -2 - 6?
-4
-5 + (-4 - -9 - 5)
-5
(6 - 4) + 3 - -3
8
Evaluate 5 - (10 + -3 - 8).
6
Calculate 8 - 2 - 3 - (2 - -1).
0
Evaluate -245 - -250 - ((0 - -2) + 1).
2
Evaluate 7 - ((4 - 3) + -1 - -1).
6
Calculate (21 - 19) + (2 - 1).
3
6 + -5 + 1 - (1 + 1)
0
Evaluate -2 + (-8 - -11) - 5.
-4
What is (-11 - -4 - -5) + (-5 - -4)?
-3
What is 3 + (3 - 9) + 1 + 2?
0
What is 11 - 3 - (46 + -36)?
-2
What is 0 + 1 + 1 + -8 + -2?
-8
What is the value of -1 - (3 - (5 + (4 - 0)))?
5
What is 1 - (1 + (-4 + 4 - 6))?
6
What is (-3 - (-11 - -4 - -5)) + -6?
-7
Evaluate -1 - -2 - (4 - 0).
-3
What is 2 - (3 - (1 - (-3 - -4)))?
-1
(2 - (-5 - -1) - 9) + 3
0
What is the value of -8 - (6 - 10) - -9?
5
Evaluate -6 + -6 + 3 + (1 - -8).
0
Calculate 16 + -13 + -6 + (-2 - -1).
-4
-23 + 17 - (-2 + -3)
-1
Evaluate 6 + -3 - (2 + 2).
-1
Evaluate -4 - (8 - 11 - 1).
0
What is the value of 3 - 1 - (12 - (27 + -14))?
3
Evaluate (0 - 0) + (-33 - -29).
-4
Evaluate -2 + 3 + -3 + 4.
2
Calculate -5 + (0 - 0) + -1.
-6
What is the value of -4 - (-3 + (1 - -2) + -3)?
-1
What is 11 - 2 - (-1 + 7)?
3
Calculate -1 - (4 + -6 + -1 + 0).
2
1 + (-9 - -6) + (-2 - 2)
-6
What is the value of (-4 + -2 + 5 - 0) + 7?
6
What is the value of -14 + (-4 - -13) + -3?
-8
Evaluate 5 + -5 - -1 - -2 - 4.
-1
What is (-7 - (-2 + -2)) + 1?
-2
Calculate (11 - 9) + (2 + 1 - 3).
2
Evaluate 1 - (7 - (5 + -6)).
-7
Evaluate 2 - (-2 - (6 + -9)).
1
What is the value of (-4 - (-7 + 3 - -4)) + 2?
-2
What is the value of -10 + 24 + -11 - (2 - 7)?
8
Evaluate 0 + -2 - -3 - (0 + 0).
1
What is 0 + (-9 - (0 - -1)) + 3?
-7
What is (1 - -1) + 1 - (31 + -27)?
-1
Evaluate 6 + (11 - 5) + -7.
5
0 + 2 - (2 + 4)
-4
What is -3 - (-2 - -7 - 4)?
-4
Calculate -1 - -5 - 0 - 2.
2
(54 - 39) + 1 + -11
5
7 - 4 - -3 - 14
-8
What is 1 + -6 + 37 + -28 - 5?
-1
-131 + 126 - (-3 + (2 - 1))
-3
0 + 1 + -15 + 14
0
Calculate -7 - (0 - (5 - -1)).
-1
What is 0 + -1 + (3 - 7)?
-5
What is the value of -8 + (5 - -1) - 4?
-6
What is the value of 5 + 0 + -7 + 5?
3
(-3 - (-7 - (6 - 6))) + -5
-1
What is the value of -14 + (9 - 1) + 0?
-6
Calculate -8 + (-1 - (1 - 8)).
-2
Evaluate -2 + -2 + 5 + -5 + 2.
-2
What is 0 + 15 + -9 + (0 - 4)?
2
Calculate 0 - 3 - ((4 - 2) + -6).
1
Evaluate 3 - 4 - (0 + 1 - 5).
3
Evaluate 4 - -2 - (5 + 14 + -7).
-6
What is 0 + -2 + -6 - -8?
0
What is the value of 3 + (-4 - -3) - 6?
-4
Evaluate 5 - (3 - -1 - 2).
3
What is the value of 7 + (5 - 1) + -7 + 3?
7
What is the value of 5 + -3 + 0 + -5 + 10?
7
What is the value of -1 - 6 - (21 + -29)?
1
Calculate 13 - (-3 + 3 + 7).
6
What is (6 - 15) + 4 + 1 + 5?
1
-5 + (0 - -7) - 0
2
(2 - 5 - 2) + 4
-1
What is the value of -1 - ((5 - -1 - 4) + -10)?
7
What is the value of 4 + 0 + (-1 - (-1 - -7))?
-3
What is -2 + 2 + (-5 - -2) - -5?
2
Calculate (0 - 0 - 1) + 3.
2
Calculate 0 - (-2 + 4 + 1).
-3
Calculate -1 - (-8 - -3) - (3 + 4).
-3
7 - 11 - 0 - -3
-1
What is the value of 2 - (-17 - -13 - -10)?
-4
Calculate (1 + -3 + -3 - -3) + 6.
4
Evaluate 68 + -71 + -2 + 2 + -1.
-4
What is -1 - 8 - (-63 + 54)?
0
What is 1 + (7 - 4 - (1 + 7))?
-4
Calculate 0 - -2 - 9 - -2 - -1.
-4
Calculate 0 + 6 - ((-6 - -1) + 6).
5
What is -11 - -5 - -6 - -1?
1
What is 2 - (-1 + (3 - -2) - 1)?
-1
-9 - (-4 + 10 + -9)
-6
Evaluate -9 + 6 + 0 + (10 - 3).
4
-4 + (2 - 2) - (1 - 9)
4
What is the value of 0 + 3 + -13 + 8 + 5?
3
Calculate -6 + 4 + 4 + -3.
-1
What is -3 + (-1 - (3 + -2 - 3))?
-2
What is the value of 21 + -14 + (-3 - 0)?
4
0 + (-2 - (-1 + -6))
5
What is the value of 2 - (6 - 5) - -3 - 1?
3
What is (21 - 16) + (1 - 9) + 1?
-2
6 + (14 - 13) - 4
3
What is (5 + -6 - -3) + 2?
4
(2 - 2 - -2 - 0) + 0
2
Calculate -2 + 0 + (-7 + 10 - 6).
-5
Calculate 0 + (1 - -3 - -1) + -2.
3
Evaluate -1 + (2 - -1 - 6).
-4
What is (9 + -4 - 11) + 4?
-2
-9 + -2 + 15 - 0
4
Calculate 0 + (1 - -3 - 8).
-4
Calculate (-3 + 4 - 1 - -8) + -3.
5
-1 + 0 + (-5 - -5) + -1
-2
1 - -3 - (-2 - (10 + -7))
9
Calculate 4 + -3 + (1 - (6 + -1)).
-3
-5 + 1 - -4 - (1 - -2)
-3
Calculate 5 - ((7 - 6) + -2 + -2).
8
8 + -4 + -10 - -5
-1
Calculate 1 - 1 - (-1 + (7 - 6)).
0
(-12 - 2) + -7 + 14
-7
What is the value of -8 - (9 + -16 + -9)?
8
Calculate -3 - 0 - (-4 - -7).
-6
Evaluate 3 - (-4 - -7) - (2 - 0).
-2
-6 - (-7 + 4) - 2
-5
What is 14 - (14 + (-3 - 3))?
6
What is -4 - 5 - -12 - (-2 + 1)?
4
Calculate 1 + -3 + 0 - 3.
-5
-1 - (3 + -7 - -2)
1
Calculate 1 + 9 - (-5 + 11).
4
1 - 2 - (-3 - -4)
-2
Calculate 3 - (3 - 2 - (-9 - -11)).
4
Evaluate 0 + -8 + (7 - 2).
-3
Calculate (5 - 6) + 0 + -5.
-6
Evaluate -4 + 5 + (-7 - -10).
4
What is the value of 2 + -1 + -17 + (-7 - -24)?
1
-13 - (14 + -15 - 14)
2
What is the value of 29 + -29 + (-4 - 0)?
-4
Calculate 3 + -3 + (-1 - -1 - 2).
-2
7 - (7 - -1) - 0
-1
Evaluate -1 + -3 + 1 + 3 - -2.
2
What is 2 + -17 - (94 + -105)?
-4
Evaluate (-1 - 3) + 6 + 0 + -3.
-1
Evaluate (40 - 34) + (-13 - -2).
-5
(-1 - 0) + 0 - -4
3
(-1 - -6 - 8) + -1 + 6
2
(1 - (-6 - -4)) + -5
-2
What is the value of -9 + -8 - -6 - -13?
2
What is the value of 1 + 1 + (39 - 41)?
0
Calculate -18 - -22 - (-2 + 0 + -1).
7
Evaluate (-3 - 3 - -4) + 8.
6
Calculate -26 + 20 + (-1 - -1) + 3.
-3
What is (5 - 2) + 22 + -17 + -9?
-1
What is the value of -6 + 2 - (0 - 3)?
-1
Evaluate (2